st common factor of 41473 and 201.
67
Calculate the greatest common factor of 2960118 and 378.
378
Calculate the greatest common divisor of 1161 and 4988.
43
Calculate the highest common divisor of 10870 and 70.
10
Calculate the highest common factor of 24 and 24438.
6
What is the highest common factor of 198 and 665838?
18
What is the greatest common divisor of 207 and 263235?
69
Calculate the highest common factor of 1168 and 14746.
146
What is the highest common factor of 113851 and 10632?
443
Calculate the highest common divisor of 4640 and 100978.
58
Calculate the greatest common divisor of 49495 and 95.
95
What is the highest common factor of 27 and 371727?
9
Calculate the greatest common factor of 1681 and 328.
41
What is the highest common divisor of 109979 and 355?
71
What is the highest common factor of 100912 and 714?
238
Calculate the highest common divisor of 334 and 6056422.
334
Calculate the highest common divisor of 180595 and 12255.
95
Calculate the highest common divisor of 120953 and 6475.
259
Calculate the highest common divisor of 300626 and 830.
166
What is the highest common factor of 124940 and 20?
20
What is the highest common factor of 2486627 and 143?
143
What is the highest common divisor of 12 and 142356?
12
Calculate the greatest common divisor of 116 and 12.
4
What is the highest common factor of 59 and 21005?
1
Calculate the greatest common divisor of 1863 and 53958.
69
What is the greatest common divisor of 78966 and 2214?
738
What is the greatest common factor of 3360 and 31584?
672
What is the highest common divisor of 1216 and 177764?
76
What is the highest common divisor of 5885 and 2035?
55
Calculate the greatest common factor of 19688 and 1058.
46
What is the highest common factor of 6246 and 387?
9
Calculate the greatest common factor of 1984 and 208.
16
What is the highest common divisor of 6 and 263973?
3
What is the greatest common factor of 2535 and 412035?
195
What is the highest common factor of 1025 and 478075?
25
What is the highest common factor of 1785 and 34755?
105
Calculate the greatest common divisor of 56274 and 8964.
498
What is the greatest common divisor of 43482 and 2?
2
Calculate the highest common divisor of 36 and 88692.
12
What is the highest common divisor of 31264 and 3296?
32
Calculate the highest common divisor of 22664 and 792.
8
What is the greatest common divisor of 630249 and 304?
19
Calculate the highest common factor of 95883 and 1767.
93
What is the greatest common factor of 16805 and 200?
5
Calculate the highest common factor of 40 and 161992.
8
What is the highest common divisor of 28 and 1157828?
28
What is the highest common factor of 208 and 20912?
16
Calculate the greatest common factor of 2397 and 646391.
799
Calculate the highest common divisor of 24390 and 90.
90
What is the highest common factor of 115164 and 882?
126
What is the greatest common factor of 4961399 and 391?
391
Calculate the highest common factor of 377 and 649571.
377
What is the highest common divisor of 42888 and 24?
24
What is the greatest common factor of 117341 and 7?
7
What is the greatest common factor of 86607 and 18?
9
Calculate the greatest common divisor of 460 and 575345.
115
Calculate the highest common factor of 1927873 and 19.
19
What is the highest common divisor of 4551 and 4773?
111
What is the highest common factor of 303 and 88779?
303
Calculate the highest common factor of 38 and 905350.
38
What is the highest common divisor of 2096 and 119996?
524
What is the highest common factor of 2786905 and 5?
5
What is the highest common divisor of 467160 and 136?
136
Calculate the highest common factor of 8006 and 512.
2
What is the highest common factor of 264 and 146388?
132
Calculate the highest common factor of 941670 and 90.
90
Calculate the greatest common factor of 128248 and 204.
68
Calculate the greatest common divisor of 127 and 1521587.
127
Calculate the highest common divisor of 423745 and 35.
35
Calculate the greatest common factor of 604 and 3116791.
151
Calculate the greatest common factor of 17549 and 21.
7
What is the greatest common factor of 6648 and 657044?
1108
What is the greatest common divisor of 2156 and 99323?
49
What is the highest common divisor of 131189 and 1088?
17
Calculate the highest common factor of 3368146 and 214.
214
What is the greatest common factor of 247 and 4641?
13
What is the highest common divisor of 124920 and 2520?
360
What is the greatest common divisor of 2470 and 651586?
494
What is the greatest common factor of 36500 and 10500?
500
What is the highest common factor of 326769 and 9?
3
Calculate the highest common factor of 16225 and 495.
55
What is the greatest common divisor of 2224 and 2896?
16
What is the greatest common divisor of 632 and 7347?
79
Calculate the greatest common divisor of 12250 and 896.
14
What is the greatest common divisor of 69724 and 124?
4
Calculate the highest common factor of 200 and 160.
40
What is the greatest common divisor of 9 and 280971?
9
What is the highest common divisor of 789759 and 18?
9
What is the greatest common divisor of 5 and 1285?
5
What is the highest common factor of 54 and 1058?
2
Calculate the highest common factor of 4968 and 4002.
138
Calculate the greatest common factor of 40463 and 1161.
43
What is the greatest common factor of 362 and 13937?
181
Calculate the highest common divisor of 1704 and 1088.
8
Calculate the greatest common divisor of 26 and 124111.
13
Calculate the greatest common factor of 17248 and 385.
77
What is the greatest common divisor of 1624 and 9338?
406
Calculate the greatest common factor of 19550 and 20400.
850
Calculate the greatest common divisor of 168 and 13368.
24
What is the greatest common divisor of 236 and 520?
4
What is the highest common factor of 24096 and 1384014?
1506
What is the highest common divisor of 5460 and 52500?
420
What is the greatest common divisor of 40 and 15940?
20
Calculate the greatest common divisor of 408780 and 4320.
540
Calculate the greatest common factor of 2580 and 57534.
258
What is the highest common divisor of 6282054 and 1206?
1206
What is the highest common divisor of 109572 and 69?
69
Calculate the highest common factor of 1134 and 49086.
162
Calculate the greatest common factor of 91 and 17667.
13
What is the highest common divisor of 14808841 and 389?
389
What is the greatest common divisor of 38916 and 184?
92
Calculate the highest common divisor of 4820 and 9080.
20
Calculate the greatest common factor of 11875 and 323.
19
What is the greatest common factor of 32549 and 1331?
121
What is the greatest common divisor of 4753 and 196?
49
Calculate the highest common factor of 201853 and 284.
71
What is the highest common factor of 540 and 108840?
60
Calculate the greatest common divisor of 403800 and 600.
600
What is the highest common divisor of 67164 and 965?
193
Calculate the greatest common factor of 197125 and 190.
95
What is the highest common factor of 290 and 2180?
10
What is the highest common factor of 107154 and 72?
18
What is the greatest common divisor of 18 and 97974?
18
Calculate the highest common factor of 136 and 21304.
8
What is the greatest common factor of 42172 and 12064?
52
Calculate the highest common factor of 49 and 1444961.
49
What is the greatest common factor of 12 and 298668?
12
Calculate the highest common divisor of 176897 and 3108.
259
Calculate the highest common factor of 864 and 15660.
108
Calculate the greatest common factor of 1602094 and 3354.
1118
Calculate the highest common factor of 364672 and 64.
64
Calculate the highest common factor of 42 and 36498.
42
What is the greatest common divisor of 287 and 63140?
287
What is the highest common divisor of 310180 and 2340?
260
Calculate the highest common divisor of 31348 and 51.
17
Calculate the highest common factor of 215808 and 4224.
384
What is the highest common divisor of 1092645 and 45?
45
What is the highest common divisor of 1566 and 10242?
18
Calculate the greatest common divisor of 15645 and 90615.
105
Calculate the greatest common divisor of 58882 and 1298.
118
What is the highest common divisor of 7937 and 187?
1
Calculate the greatest common divisor of 19540 and 100.
20
What is the highest common factor of 28